 m be n(v). Calculate the highest common divisor of m and y.
7
Suppose -2*q = 3*x + 2*x + 7, -4*x = 12. Suppose 14*r - 433 = 183. Calculate the highest common divisor of q and r.
4
Suppose -3*x + 9 = 3*m, -3*x + 7 = 3*m - 2*m. Calculate the greatest common factor of 98 and x.
2
Let v(s) be the second derivative of -s**5/20 + s**4/2 + 10*s**3/3 - 9*s**2 + 13*s. Let y be v(8). What is the greatest common factor of 7 and y?
7
Suppose -38*s + 40*s = 384. Let x be (3/4)/(1*3/s). Calculate the greatest common divisor of 36 and x.
12
Let h be 164/7 + (-4)/(-7). Suppose 3*c = -108 + 126. What is the greatest common factor of c and h?
6
Suppose -3*w = -w. Let i(z) = -8*z**2 + w*z**2 + 0*z**3 + 8*z + 2 + 0 + z**3. Let p be i(7). What is the highest common divisor of 36 and p?
9
Suppose -4*a = 5*a - 324. Suppose 3*m - 3*s - 60 = -2*m, -a = -3*m + 5*s. What is the greatest common factor of 60 and m?
12
Let j(n) = -5*n + 1. Let u be j(-3). Suppose 6*w = -w + 560. Calculate the highest common divisor of w and u.
16
Let j(u) = u**2 - 3*u + 3. Let s be j(4). Suppose s*b - 320 - 751 = 0. What is the highest common factor of 17 and b?
17
Suppose -2*g + 69 = 21. Suppose 0 = 2*n - 185 + 65. Calculate the highest common factor of g and n.
12
Suppose -28*f + 22*f = -138. What is the highest common factor of 92 and f?
23
Suppose 4*u - 255 = 241. Suppose -155 = -7*f + 62. What is the highest common factor of u and f?
31
Suppose -5*b - 7 - 28 = 0. Let k(c) = -c**2 - 8*c + 8. Let u be k(b). Suppose -q - 3 = -u. Calculate the greatest common divisor of 12 and q.
12
Let b = -97 + 169. Suppose 2*t = -4*h - 10, 5*t - 3*h + 12 = -0*h. Let j be 25/75 - 26/t. Calculate the greatest common divisor of j and b.
9
Let w(s) = 56*s - 16. Let u be 2 - (3 - ((0 - -2) + 2)). Let x be w(u). What is the greatest common factor of x and 8?
8
Suppose -18*r + 192 = -15*r. Calculate the highest common divisor of 320 and r.
64
Suppose 2*b - 3*b - 3*q = -4, 5*b - 30 = -5*q. Let t = -9 + b. Let k be 6*(-1 - t)*5. What is the greatest common factor of k and 75?
15
Suppose 2*j + 5*j = 434. Suppose -4*y + 7*y - 114 = -4*r, j = 2*r - y. What is the highest common divisor of r and 20?
10
Let y = 52 - -135. Let w be (18 + -17)/((-606)/102 - -6). Calculate the highest common divisor of w and y.
17
Suppose -5*r + 5*a + 70 = 0, -7*r = -10*r - 4*a + 21. Suppose 2*y = 2*d + 244, 2*y + y + d - 362 = 0. What is the greatest common divisor of y and r?
11
Suppose v - 4*h = 12, -4*v = 3*h - 1 - 9. Suppose v*k - 27 = -3*q, -q = 5*k + 3*q - 35. Calculate the highest common divisor of k and 33.
3
Let d be 9/6*(-2 + 4). Suppose -4*x - 2*c = -50, d*x - 4*x + 15 = 3*c. Let u = x + -2. Calculate the highest common divisor of u and 80.
10
Let h = 186 + -160. What is the greatest common factor of h and 234?
26
Suppose 55*m - 9 = 58*m, -5*m = -l + 29. Calculate the highest common divisor of 14 and l.
14
Suppose -81 = -5*v + 4. Suppose 0 = 13*y - v*y + 160. What is the highest common divisor of y and 70?
10
Let w = -981 - -1045. What is the greatest common divisor of w and 2048?
64
Suppose -9*a + 107 = -442. Suppose -3*t = 3*c + t - a, -4*c - 4*t + 84 = 0. Let l be 0 + 45 - (-2)/2. What is the highest common factor of l and c?
23
Let m be 1/((-15)/(-2)) + 6/(-45). Let t be (m + 4/(-2))/((-1)/15). Calculate the greatest common factor of t and 6.
6
Let i = 683 + 1845. Calculate the greatest common divisor of i and 16.
16
Let d = 21 + -3. Calculate the highest common factor of d and 819.
9
Let a = 33 + 27. Let s = 24 - 50. Let z = 46 + s. Calculate the highest common factor of a and z.
20
Let d = -294 + 525. What is the highest common divisor of d and 99?
33
Suppose 0*u + 736 = 23*u. Let k(m) = 256*m**2. Let i be k(1). What is the highest common divisor of i and u?
32
Let m(a) = 3*a. Let v(j) = j. Let g(w) = 3*m(w) - 7*v(w). Let l be g(2). Suppose r = l*r - 33. What is the greatest common divisor of r and 11?
11
Let d be (-22)/9*(-270)/30. Let f(t) = -39*t + 8. Let n be f(-6). Calculate the greatest common divisor of n and d.
22
Let u = 111 + -96. Suppose 0 = w + 3*j - 7, 2*w - 3*j + 1 - u = 0. Calculate the greatest common factor of w and 77.
7
Let j(q) = 29*q**2 + 2*q - 1. Suppose 0 = -y - 2*y + 3. Let k be j(y). Let w be 6/21 - (0 - 66/14). Calculate the highest common divisor of w and k.
5
Suppose 5*d + 4 + 21 = 0. Let a = d - -93. Calculate the greatest common factor of 8 and a.
8
Let q(v) = 96*v - 1. Let p(x) = x + 7. Let y be p(-6). Let g be q(y). Calculate the greatest common factor of g and 19.
19
Suppose 2 + 18 = 2*j - 3*w, -5*j + 50 = -4*w. Suppose 10 = -2*r + 7*r. Let s be r + (0 + 0)*1. Calculate the greatest common divisor of j and s.
2
Let c(v) = -10*v - 144. Let y be c(-16). Calculate the greatest common divisor of 18 and y.
2
Suppose 0 = 118*u + 414 - 3718. Let p(n) = 0 + 0 + n. Let z be p(4). Calculate the highest common factor of z and u.
4
Let a(n) = -n**3 - 7*n**2 - 7*n - 2. Let l be a(-6). Suppose -180*r + 35*r + 6960 = 0. Suppose l*z + 0*z = r. Calculate the highest common divisor of z and 8.
4
Let w be ((-6)/(-20))/(183/1220). What is the highest common factor of 191 and w?
1
Let c = -220 + 794. What is the highest common factor of c and 28?
14
Let s(l) = l**2 + 4. Let r be s(5). Suppose 0 = -3*w - 79 + 22. Let d = w + r. Calculate the highest common factor of d and 15.
5
Let o = 24 - 50. Let s = o - -45. Let w(b) = 5*b**2 + b. Let v be w(-4). What is the greatest common divisor of s and v?
19
Suppose -3*c - 9 = 6. Let p = c + 7. Let n be ((-2)/5)/(p/(-50)). Calculate the highest common divisor of n and 25.
5
Let h = 5 - 2. Suppose -h*s + 6 = 3, -a + 206 = -s. What is the highest common factor of 23 and a?
23
Suppose 0 = -a + 16*a - 90. Let p be 15*(0 - a/(-18)). What is the greatest common divisor of 80 and p?
5
Let y(b) = b - 49. Let q be y(-13). Let c = -50 - q. Calculate the greatest common divisor of 8 and c.
4
Suppose 36*c - 6765 = -69. What is the highest common divisor of 93 and c?
93
Let v be 891/77 - (-3)/7. Calculate the greatest common divisor of v and 444.
12
Let q = 9 + -5. Let g be 31 + ((-4)/(-2) - 5). What is the greatest common divisor of q and g?
4
Let g = -174 + 180. Calculate the greatest common factor of g and 24.
6
Let v be ((-13)/(-5) - 3)*(-3 + -7). What is the highest common divisor of 4 and v?
4
Let w(p) = 7 + 6*p**2 - 7*p - 13 - 3*p**2. Let d be w(-5). Calculate the highest common factor of 13 and d.
13
Suppose 0 = 33*z + 9027 - 30609. Calculate the highest common factor of z and 6.
6
Suppose 2*l + 0*l = -72. Let c be 18/(-3 - 111/l). Calculate the greatest common factor of 24 and c.
24
Let n = -96 - -96. Suppose -4*p - 5*o + 118 = -3*o, -5*o + 25 = n. Calculate the greatest common divisor of 18 and p.
9
Let g(r) = 2*r - 40. Let y be g(9). Let w = 34 + y. What is the highest common divisor of 6 and w?
6
Let y be (((-336)/(-20))/7)/(6/10). What is the greatest common divisor of 256 and y?
4
Let h(m) = 5*m**2 + 2. Let y(p) = p**2 + 6*p + 7. Let b be y(-5). Let k be h(b). Let s be (-3142)/(-22) + 4/k. What is the highest common factor of s and 13?
13
Suppose 9*r = 2*r - 35. Let q = r + 10. Suppose 0 = 6*x - q*x - 243. Calculate the highest common divisor of x and 27.
27
Let i = -31 + 23. Let o be 9/((-36)/i) - -25. What is the greatest common divisor of o and 297?
27
Let u be -1 + 1 + (-3 - -3). Suppose 0 = -u*f - 3*f + 12. Let c be ((-8)/20)/(1/(-10)). What is the greatest common divisor of f and c?
4
Let w be 40/(-220) + (-4 - 11530/(-11)). Calculate the greatest common divisor of w and 580.
116
Let o(c) = 61*c**3 - 2*c**2 + 1. Let s be o(-1). Let d = 177 + s. What is the highest common factor of 23 and d?
23
Suppose -5*x + 149 = l, -2*l - 4*x = -331 + 27. Suppose 0 = -34*b + 21*b + 182. Let h be 3*(-231)/(-18)*8/b. What is the greatest common divisor of l and h?
22
Let r(l) = -l**3 - 4*l**2 + 5*l + 4. Let n be r(-5). Suppose m - 30 = -n*m. Let i be 3 - -2*261/m. What is the highest common factor of 18 and i?
18
Let h be (-11 + -10)*(0 + 1)*-1. What is the highest common factor of 399 and h?
21
Let h = 46 + -33. Suppose 0 = 4*c + 5*q - 109 - 344, 2*c = q + 237. What is the highest common divisor of c and h?
13
Let z(c) = c**3 - 11*c**2 - 2*c + 803. Let s be z(0). Calcu